 What is the highest common divisor of 66 and k?
22
Let z be 4/3*(-6 + 13 + -4). Suppose -z*p - 42 = -5*p. Suppose -5*s - 362 = -2*y + 33, -y = -3*s - 195. What is the greatest common divisor of p and y?
42
Let w = -197 + 221. Suppose -30*o + 12 = -w*o. Calculate the highest common divisor of o and 10.
2
Let t be 14/(-119) - (-4239)/51. Suppose -7*a + 701 = -t. What is the highest common factor of 16 and a?
16
Let h be 43*5 - (92/10 + 132/(-110)). Let y = 13 + -4. Calculate the greatest common divisor of h and y.
9
Suppose -324 = -32*w + 29*w. Suppose -3*m - 2*v + w + 119 = 0, -4*v = -5*m + 371. What is the greatest common factor of 45 and m?
15
Suppose 0 = 4*a - q - 7, 0*a + 2*a = 2*q - 4. Let f(o) = 10*o**2 - 28*o. Let j be f(a). What is the highest common divisor of j and 15?
3
Suppose 5*z + 2*k - 314 = 0, 7*z - 5*z - 114 = 5*k. Calculate the greatest common factor of z and 1395.
31
Suppose -32 = -5*d - 7. Let y = 7171 - 7156. Calculate the highest common factor of y and d.
5
Let r(f) = -f**2 + 9*f - 15. Let j be r(7). Let w be -4 - -19*(j + 2). Suppose d - w = -0*d. Calculate the highest common factor of 6 and d.
3
Let r(i) = -i**3 + 49*i**2 - 93*i - 2. Suppose 33*l - 1158 - 393 = 0. Let n be r(l). Calculate the highest common divisor of 405 and n.
45
Let g = -5 - -11. Suppose 122*z - 1056 = 119*z. Let h = -348 + z. Calculate the highest common factor of g and h.
2
Let b(a) = 2*a**2 - 9*a - 29. Let w(q) = -q**2 + 5*q + 15. Let f(h) = 6*b(h) + 11*w(h). Let s be f(-6). Calculate the greatest common divisor of s and 98.
7
Let c = 1493 - -4923. Calculate the greatest common factor of 16 and c.
16
Suppose 17*n + 293 = 5*y + 15*n, -5*y + n + 289 = 0. Calculate the greatest common divisor of 13680 and y.
57
Suppose -64*u = -68*u + 264. Suppose -5*i + 2*c = -u, 0*c = -4*i + 5*c + 46. What is the greatest common divisor of 35 and i?
7
Let x = -360 - -594. Suppose -x*b + 219*b = -1230. What is the highest common factor of b and 123?
41
Suppose -220*x - 3200 = -443*x + 207*x. Calculate the greatest common divisor of 1170 and x.
10
Let b(y) = 2*y**3 + 3*y**2 + 4*y - 5. Let n be 9/6 + 4/8. Let m = 5 - n. Let f be b(m). Calculate the greatest common divisor of 11 and f.
11
Suppose -11678*t = -11697*t + 1634. What is the greatest common divisor of t and 989?
43
Let u be 9 - (-1 + 6) - -23. Suppose 0 = -9*l + 234 + u. Suppose -2*v + 4*v = 232. What is the greatest common factor of l and v?
29
Suppose -1541 = -9*j - 20. Calculate the greatest common factor of j and 26.
13
Let m(d) = -d**3 - 30*d + 5856. Let i be m(0). Calculate the greatest common divisor of 96 and i.
96
Suppose s - 640 = -19*s. Suppose 4*a - 52 + s = 0. Let i(v) = 65*v**2 + v - 1. Let q be i(1). What is the greatest common divisor of a and q?
5
Let j(t) = -97*t + 497. Let y be j(5). Let c = 4 + -3. Let a be 24*(c + (-2)/4). What is the highest common divisor of a and y?
12
Suppose g - 3*g + 253 = -3*o, 4*o = -g + 132. Let p = -881 - -977. Calculate the highest common divisor of p and g.
32
Let z be (14 + -7 - 10) + 7. Let j = 147 + -103. Calculate the highest common factor of j and z.
4
Let s(h) = -588*h - 592. Let w be s(-2). What is the highest common factor of 32 and w?
8
Suppose -7*h = -12 - 79. Suppose 5*g + h - 38 = 0. Let u(w) = 2*w - 5. Let y be u(15). Calculate the greatest common factor of g and y.
5
Let s(z) be the first derivative of 2*z**3/3 + 73*z**2/2 + 45*z - 21. Let u be s(-36). Suppose 2*f - 126 = -0*f. What is the highest common divisor of u and f?
9
Suppose 0 = -484*p + 492*p - 144. What is the greatest common divisor of 186 and p?
6
Let p = -11763 + 12177. What is the highest common factor of 72 and p?
18
Suppose -212*p = -248*p + 4860. What is the highest common divisor of p and 285?
15
Let l be (677/(-3))/(((-1)/(-114))/((-5)/10)). What is the highest common factor of l and 38?
19
Suppose 2*i - 8584 = h, 3*h = -15 + 3. What is the greatest common factor of i and 66?
66
Let v = 59 + -50. Suppose -m - 3*r + v = 0, -m - m = 4*r - 18. Let y be (3 + -6 + 1)/(2/(-36)). What is the highest common divisor of m and y?
9
Suppose 16832 = 75*w + 3557. Calculate the greatest common factor of w and 944.
59
Let k be (-4 - 1)*(4 + -17). Let t be -1 + -4 + 3 - -392. Calculate the greatest common divisor of t and k.
65
Let o be (2/(-4))/((-8)/2800). Suppose -4*f - 81 = -7*f. Suppose -2*r + 112 = -3*u + f, 2*r - 50 = -4*u. Calculate the highest common divisor of r and o.
35
Let h be ((-32)/(-72)*15 + -7)*-270. What is the greatest common factor of h and 3384?
18
Let x(r) = -r**3 - 5*r**2 + 4*r - 6. Let h be x(-6). Suppose -359*u + 40503 = 196*u - 29427. Calculate the highest common factor of u and h.
6
Let c(h) = h**2 + 6*h + 5. Let w = 7 - 16. Let a be c(w). Let z = 5 + 123. Calculate the greatest common factor of a and z.
32
Suppose 0 = -573*g + 579*g - 288. Let p = 56 + 12. Let n = p - g. What is the greatest common factor of n and 10?
10
Suppose 0 + 9 = -3*t. Let i be (16/6)/((-2)/t). Let w = i + 3. Calculate the highest common factor of w and 28.
7
Let o be (90/27 + -10)*45*-1. Calculate the greatest common divisor of 132 and o.
12
Let t(j) be the second derivative of -5*j**3/6 - 11*j**2/2 - 33*j. Let k be t(-9). Calculate the greatest common factor of k and 357.
17
Let o be (0 - 1)*7*-9. Suppose 320*k + 3*k - 77112 = -629*k. What is the greatest common factor of o and k?
9
Let h(v) = -250*v - 6047. Let l be h(-25). What is the greatest common factor of 77 and l?
7
Let z be (-8)/44 + (-2160)/(-22)*1. Suppose -33*c + 26*c = -z. What is the highest common factor of c and 14?
14
Suppose 773 - 798 = -5*t. Suppose t*n - 15 - 15 = -4*a, -18 = -3*n + 3*a. What is the highest common divisor of n and 48?
6
Suppose -4*k = 18*u - 8460, 2*u + 2*k - 39 = 915. What is the highest common factor of u and 1326?
78
Let z(h) = 3*h - 24. Let l be z(9). Suppose -l*x = -75 + 27. Suppose -3*b - f = -7, -21 = 4*f - 1. What is the highest common divisor of b and x?
4
Suppose -2*w = 6, -4*w + 19 - 71 = -2*i. Suppose -4*k + i = -8. Let f(c) = 23*c - 13. Let a be f(3). What is the highest common factor of k and a?
7
Let i = 122 + -23. Suppose 264 = 2*t + 9*w - 5*w, -2*w + 660 = 5*t. Calculate the highest common divisor of i and t.
33
Suppose p - 262 = -5*r + 1624, p = 5*r + 1866. Calculate the greatest common divisor of 24 and p.
4
Suppose -2*u + 127 = -3*b + 1445, -u + 895 = 2*b. Calculate the greatest common factor of 132 and b.
12
Let u(s) = -s**3 - 3*s**2 - 4*s - 4. Let r be u(-3). Suppose -18*g = -r*g - 70. Suppose 0 = 2*b - g - 1. What is the highest common divisor of b and 1?
1
Suppose -5*n = 2*b - 8292, n = b + 2120 - 6259. What is the greatest common divisor of b and 41?
41
Suppose 19*x - 38534 - 24022 = -14144. Calculate the highest common factor of x and 156.
52
Let c = 3848 - 3810. What is the highest common divisor of 1862 and c?
38
Let i be (-1157)/(-104) - (-2)/(-16). What is the highest common factor of 6369 and i?
11
Let n = -26463 + 26465. Calculate the greatest common divisor of 5590 and n.
2
Let y be (-4275)/190*5/(9/(-2) - -3). Calculate the greatest common factor of y and 16050.
75
Let m = 255 + -234. What is the greatest common factor of 749 and m?
7
Suppose 0 = 3*a - 3*h - 141, -22*a - 3*h + 165 = -19*a. Let k(z) = z. Let f be k(3). What is the greatest common divisor of a and f?
3
Let o be (-13 + 17)/(4/22). Let q(k) = 9 + 2*k + o - 20 + 22. Let z be q(-16). What is the highest common factor of 3 and z?
1
Suppose -9*q + 3*q = -1878. Let w = 52 - q. Let a = -171 - w. Calculate the greatest common divisor of a and 15.
15
Suppose -20*a = -i - 2203, 0 = -4*a - 0*i + i + 443. What is the greatest common divisor of 1738 and a?
22
Suppose -b = -2*b + n - 2, 12 = 3*n. Suppose b*m + 0*i - 2*i - 962 = 0, 0 = i. What is the highest common factor of m and 37?
37
Let q = 14010 + -13848. Calculate the greatest common factor of q and 38232.
162
Let i = -5928 + 5954. Calculate the highest common factor of 58 and i.
2
Suppose -15*c = -0*c - 1860. What is the greatest common divisor of c and 558?
62
Let t(s) = -s**2 + s + 9. Let m be t(0). Let h(o) = -2*o**2 - 2*o - 6. Let p be h(3). Let z = -21 - p. What is the highest common divisor of m and z?
9
Suppose 48*c - 1476 = -228. What is the highest